{"version":"1.0","provider_name":"Mentor-Escale","provider_url":"https:\/\/www.mentorescale.be\/nl\/","author_name":"Arnaud Paquet","author_url":"https:\/\/www.mentorescale.be\/nl\/author\/apaquet\/","title":"\"Ik kan zeer persoonlijke dingen bespreken\" - Mentor-Escale","type":"rich","width":600,"height":338,"html":"<blockquote class=\"wp-embedded-content\" data-secret=\"oVcK101ONW\"><a href=\"https:\/\/www.mentorescale.be\/nl\/ik-kan-zeer-persoonlijke-dingen-bespreken\/\">&#8220;Ik kan zeer persoonlijke dingen bespreken&#8221;<\/a><\/blockquote><iframe sandbox=\"allow-scripts\" security=\"restricted\" src=\"https:\/\/www.mentorescale.be\/nl\/ik-kan-zeer-persoonlijke-dingen-bespreken\/embed\/#?secret=oVcK101ONW\" width=\"600\" height=\"338\" title=\"&#8220;&#8220;Ik kan zeer persoonlijke dingen bespreken&#8221;&#8221; &#8212; Mentor-Escale\" data-secret=\"oVcK101ONW\" frameborder=\"0\" marginwidth=\"0\" marginheight=\"0\" scrolling=\"no\" class=\"wp-embedded-content\"><\/iframe><script>\n\/*! This file is auto-generated *\/\n!function(c,d){\"use strict\";var e=!1,o=!1;if(d.querySelector)if(c.addEventListener)e=!0;if(c.wp=c.wp||{},c.wp.receiveEmbedMessage);else if(c.wp.receiveEmbedMessage=function(e){var t=e.data;if(!t);else if(!(t.secret||t.message||t.value));else if(\/[^a-zA-Z0-9]\/.test(t.secret));else{for(var r,s,a,i=d.querySelectorAll('iframe[data-secret=\"'+t.secret+'\"]'),n=d.querySelectorAll('blockquote[data-secret=\"'+t.secret+'\"]'),o=new RegExp(\"^https?:$\",\"i\"),l=0;l<n.length;l++)n[l].style.display=\"none\";for(l=0;l<i.length;l++)if(r=i[l],e.source!==r.contentWindow);else{if(r.removeAttribute(\"style\"),\"height\"===t.message){if(1e3<(s=parseInt(t.value,10)))s=1e3;else if(~~s<200)s=200;r.height=s}if(\"link\"===t.message)if(s=d.createElement(\"a\"),a=d.createElement(\"a\"),s.href=r.getAttribute(\"src\"),a.href=t.value,!o.test(a.protocol));else if(a.host===s.host)if(d.activeElement===r)c.top.location.href=t.value}}},e)c.addEventListener(\"message\",c.wp.receiveEmbedMessage,!1),d.addEventListener(\"DOMContentLoaded\",t,!1),c.addEventListener(\"load\",t,!1);function t(){if(o);else{o=!0;for(var e,t,r,s=-1!==navigator.appVersion.indexOf(\"MSIE 10\"),a=!!navigator.userAgent.match(\/Trident.*rv:11\\.\/),i=d.querySelectorAll(\"iframe.wp-embedded-content\"),n=0;n<i.length;n++){if(!(r=(t=i[n]).getAttribute(\"data-secret\")))r=Math.random().toString(36).substr(2,10),t.src+=\"#?secret=\"+r,t.setAttribute(\"data-secret\",r);if(s||a)(e=t.cloneNode(!0)).removeAttribute(\"security\"),t.parentNode.replaceChild(e,t);t.contentWindow.postMessage({message:\"ready\",secret:r},\"*\")}}}}(window,document);\n<\/script>\n","thumbnail_url":"https:\/\/www.mentorescale.be\/wp-content\/uploads\/2017\/05\/jeunes.jpg","thumbnail_width":1920,"thumbnail_height":1280,"description":"T\u00e9moignage de Nahom, arriv\u00e9 seul d&#8217;Erythr\u00e9e en Belgique \u00e0 16 ans. Je viens d\u2019Erythr\u00e9e, j\u2019ai 18 ans. Je suis arriv\u00e9 en Belgique \u00e0 16 ans. Je suis parti de mon pays \u00e0 cause des probl\u00e8mes politiques qu\u2019il y a l\u00e0-bas. Ce n\u2019est pas une d\u00e9mocratie, on ne nous demande pas notre avis. Il n\u2019y a [&hellip;]"}

Témoignage de Nahom, arrivé seul d&#8217;Erythrée en Belgique à 16 ans. Je viens d’Erythrée, j’ai 18 ans. Je suis arrivé en Belgique à 16 ans. Je suis parti de mon pays à cause des problèmes politiques qu’il y a là-bas. Ce n’est pas une démocratie, on ne nous demande pas notre avis. Il n’y a [&hellip;]
